{"id":416,"date":"2019-04-19T07:05:14","date_gmt":"2019-04-19T07:05:14","guid":{"rendered":"http:\/\/demo.sparklewpthemes.com\/constructionlight\/?page_id=416"},"modified":"2024-07-22T12:01:20","modified_gmt":"2024-07-22T10:01:20","slug":"nosotros-realizamos-tu-sueno","status":"publish","type":"page","link":"https:\/\/www.arecoobras.es\/?page_id=416","title":{"rendered":"Nosotros realizamos tu sue\u00f1o"},"content":{"rendered":"\n<p>En Areco Obras y Edificaci\u00f3n S.A., entendemos que cada proyecto es \u00fanico y especial. Nos dedicamos a realizar tus sue\u00f1os a trav\u00e9s de un enfoque personalizado y profesional. Desde la fase de dise\u00f1o hasta la ejecuci\u00f3n final, nos comprometemos a ofrecer soluciones que superen tus expectativas.<\/p>\n<p>Trabajamos en estrecha colaboraci\u00f3n contigo para entender tus necesidades, gustos y presupuesto. Nuestro equipo de expertos utiliza su amplia experiencia y creatividad para desarrollar proyectos innovadores y funcionales, asegurando que cada detalle est\u00e9 cuidadosamente considerado.<\/p>\n<p>Ya sea que est\u00e9s construyendo tu hogar ideal, renovando un espacio existente o desarrollando un nuevo proyecto comercial, estamos aqu\u00ed para ayudarte a cada paso del camino. Con nosotros, tu sue\u00f1o se convierte en una realidad tangible y hermosa.<\/p>\n","protected":false},"excerpt":{"rendered":"<p>En Areco Obras y Edificaci\u00f3n S.A., entendemos que cada proyecto es \u00fanico y especial. Nos dedicamos a realizar tus sue\u00f1os a trav\u00e9s de un enfoque&hellip;<\/p>\n","protected":false},"author":1,"featured_media":576,"parent":0,"menu_order":0,"comment_status":"closed","ping_status":"closed","template":"","meta":{"om_disable_all_campaigns":false,"_monsterinsights_skip_tracking":false,"_monsterinsights_sitenote_active":false,"_monsterinsights_sitenote_note":"","_monsterinsights_sitenote_category":0,"footnotes":""},"class_list":["post-416","page","type-page","status-publish","has-post-thumbnail","hentry"],"aioseo_notices":[],"_links":{"self":[{"href":"https:\/\/www.arecoobras.es\/index.php?rest_route=\/wp\/v2\/pages\/416","targetHints":{"allow":["GET"]}}],"collection":[{"href":"https:\/\/www.arecoobras.es\/index.php?rest_route=\/wp\/v2\/pages"}],"about":[{"href":"https:\/\/www.arecoobras.es\/index.php?rest_route=\/wp\/v2\/types\/page"}],"author":[{"embeddable":true,"href":"https:\/\/www.arecoobras.es\/index.php?rest_route=\/wp\/v2\/users\/1"}],"replies":[{"embeddable":true,"href":"https:\/\/www.arecoobras.es\/index.php?rest_route=%2Fwp%2Fv2%2Fcomments&post=416"}],"version-history":[{"count":0,"href":"https:\/\/www.arecoobras.es\/index.php?rest_route=\/wp\/v2\/pages\/416\/revisions"}],"wp:featuredmedia":[{"embeddable":true,"href":"https:\/\/www.arecoobras.es\/index.php?rest_route=\/wp\/v2\/media\/576"}],"wp:attachment":[{"href":"https:\/\/www.arecoobras.es\/index.php?rest_route=%2Fwp%2Fv2%2Fmedia&parent=416"}],"curies":[{"name":"wp","href":"https:\/\/api.w.org\/{rel}","templated":true}]}}